 in base 4?
2222
Convert -64 (base 14) to base 9.
-107
Convert -10 (base 5) to base 10.
-5
7 (base 16) to base 4
13
What is 1 (base 6) in base 14?
1
2 (base 5) to base 3
2
What is -c (base 14) in base 15?
-c
-7 (base 9) to base 16
-7
Convert 6 (base 11) to base 14.
6
-13b (base 16) to base 13
-1b3
Convert -33 (base 7) to base 10.
-24
Convert 37 (base 8) to base 7.
43
Convert -6 (base 16) to base 6.
-10
Convert 22 (base 14) to base 5.
110
11 (base 7) to base 12
8
11010 (base 2) to base 15
1b
12 (base 9) to base 5
21
-3 (base 5) to base 2
-11
21 (base 6) to base 7
16
What is 10 (base 12) in base 8?
14
-51 (base 10) to base 8
-63
Convert 3 (base 8) to base 11.
3
What is 20 (base 16) in base 3?
1012
2c (base 16) to base 15
2e
5 (base 8) to base 5
10
-70 (base 16) to base 3
-11011
-5 (base 8) to base 10
-5
-4 (base 5) to base 14
-4
-10011 (base 2) to base 15
-14
Convert -102 (base 4) to base 12.
-16
What is -3 (base 6) in base 14?
-3
What is 1310 (base 4) in base 15?
7b
11 (base 4) to base 8
5
What is -2a (base 11) in base 6?
-52
What is -1 (base 5) in base 6?
-1
-1000 (base 2) to base 11
-8
0 (base 9) to base 8
0
Convert -1250 (base 6) to base 12.
-226
Convert -24 (base 14) to base 2.
-100000
Convert 240 (base 6) to base 4.
1200
Convert 11 (base 5) to base 9.
6
-25 (base 7) to base 9
-21
11 (base 6) to base 12
7
Convert -21 (base 4) to base 3.
-100
What is -7 (base 11) in base 12?
-7
-1 (base 4) to base 13
-1
Convert -3 (base 7) to base 6.
-3
Convert -123 (base 14) to base 5.
-1402
1001011 (base 2) to base 16
4b
2 (base 8) to base 7
2
What is 21 (base 3) in base 10?
7
What is -234 (base 8) in base 11?
-132
What is -26 (base 9) in base 6?
-40
-12 (base 10) to base 8
-14
Convert 12 (base 8) to base 11.
a
-174 (base 8) to base 11
-103
Convert 1221 (base 4) to base 9.
126
What is 2 (base 16) in base 8?
2
What is 332 (base 5) in base 6?
232
202 (base 3) to base 4
110
Convert -51 (base 10) to base 16.
-33
What is -26 (base 14) in base 4?
-202
Convert -b (base 16) to base 6.
-15
What is 24 (base 5) in base 4?
32
What is -234 (base 9) in base 2?
-11000001
Convert 2 (base 10) to base 3.
2
What is -3d (base 16) in base 12?
-51
What is 11100010 (base 2) in base 8?
342
3 (base 9) to base 14
3
Convert -221 (base 4) to base 15.
-2b
What is 2200 (base 3) in base 4?
1020
Convert 452 (base 6) to base 2.
10110000
Convert -1c (base 14) to base 5.
-101
What is 1 (base 3) in base 15?
1
Convert -1021 (base 5) to base 14.
-9a
What is 18 (base 12) in base 2?
10100
-14 (base 12) to base 7
-22
Convert -3 (base 16) to base 15.
-3
Convert -1 (base 6) to base 4.
-1
What is 100 (base 6) in base 15?
26
What is -1034 (base 5) in base 11?
-121
Convert -2 (base 4) to base 2.
-10
What is 2 (base 4) in base 15?
2
What is -5 (base 6) in base 14?
-5
What is 1 (base 9) in base 10?
1
What is 1 (base 12) in base 3?
1
Convert -1 (base 11) to base 9.
-1
What is 220 (base 4) in base 14?
2c
What is -1022 (base 3) in base 6?
-55
What is 11 (base 11) in base 6?
20
Convert -12 (base 12) to base 13.
-11
What is -1101 (base 4) in base 5?
-311
-2 (base 15) to base 6
-2
What is 1 (base 9) in base 14?
1
b (base 15) to base 8
13
Convert 4 (base 5) to base 8.
4
What is -3 (base 7) in base 8?
-3
48 (base 9) to base 14
32
What is -7 (base 12) in base 3?
-21
What is -7 (base 14) in base 7?
-10
Convert 32 (base 11) to base 10.
35
-15 (base 7) to base 9
-13
23 (base 8) to base 9
21
What is -10 (base 12) in base 8?
-14
Convert -d (base 14) to base 6.
-21
What is 6 (base 10) in base 3?
20
0 (base 13) to base 8
0
What is 21 (base 3) in base 7?
10
What is -20 (base 3) in base 14?
-6
What is 12 (base 15) in base 3?
122
-48 (base 14) to base 8
-100
Convert 615 (base 7) to base 11.
259
What is 17 (base 13) in base 8?
24
Convert 23 (base 5) to base 2.
1101
Convert 11 (base 8) to base 6.
13
-1200 (base 3) to base 8
-55
What is 2a (base 13) in base 10?
36
8 (base 13) to base 8
10
Convert -121 (base 6) to base 4.
-301
-1000 (base 2) to base 15
-8
What is -20 (base 3) in base 11?
-6
What is 110 (base 4) in base 3?
202
13 (base 7) to base 14
a
What is 3 (base 13) in base 4?
3
135 (base 6) to base 12
4b
What is 21 (base 5) in base 4?
23
Convert -138 (base 11) to base 9.
-200
Convert b (base 15) to base 6.
15
What is -8 (base 13) in base 14?
-8
-1341 (base 5) to base 10
-221
113 (base 4) to base 16
17
Convert -1 (base 2) to base 13.
-1
-1 (base 6) to base 9
-1
What is -332 (base 8) in base 11?
-189
6 (base 15) to base 12
6
Convert 1 (base 15) to base 8.
1
What is -3 (base 8) in base 2?
-11
Convert 1 (base 13) to base 8.
1
153 (base 15) to base 6
1223
Convert -4 (base 13) to base 11.
-4
Convert 6 (base 16) to base 10.
6
What is 1 (base 10) in base 7?
1
Convert -2 (base 14) to base 8.
-2
Convert b7 (base 13) to base 4.
2112
Convert 55 (base 6) to base 10.
35
Convert -111011 (base 2) to base 10.
-59
5 (base 7) to base 6
5
Convert 100 (base 3) to base 15.
9
21 (base 4) to base 2
1001
0 (base 6) to base 7
0
Convert 32 (base 4) to base 12.
12
What is 17 (base 8) in base 10?
15
Convert -79 (base 10) to base 14.
-59
-75 (base 15) to base 11
-a0
Convert -141 (base 10) to base 12.
-b9
-3 (base 14) to base 7
-3
What is 4 (base 13) in base 7?
4
Convert -10 (base 14) to base 8.
-16
What is -1 (base 3) in base 7?
-1
-22 (base 4) to base 5
-20
-7 (base 11) to base 13
-7
3 (base 11) to base 5
3
Convert -16a (base 14) to base 9.
-352
2 (base 8) to base 10
2
Convert -4 (base 9) to base 10.
-4
What is 70 (base 16) in base 2?
1110000
What is -14 (base 6) in base 10?
-10
What is 12 (base 15) in base 2?
10001
Convert -35 (base 16) to base 10.
-53
What is 224 (base 7) in base 10?
116
What is -5 (base 14) in base 10?
-5
0 (base 15) to base 14
0
Convert 6a (base 14) to base 6.
234
-10 (base 7) to base 9
-7
What is -83 (base 14) in base 9?
-137
Convert 5 (base 8) to base 6.
5
Convert 37 (base 13) to base 16.
2e
2 (base 14) to base 12
2
What is 2 (base 14) in base 11?
2
-48 (base 12) to base 3
-2002
2111 (base 3) to base 12
57
Convert -3 (base 8) to base 14.
-3
Convert 6 (base 16) to base 8.
6
What is 0 (base 10) in base 14?
0
Convert 1 (base 13) to base 14.
1
What is 0 (base 15) in base 7?
0
What is -41 (base 11) in base 5?
-140
-dc (base 16) to base 6
-1004
1 (base 10) to base 5
1
Convert -334 (base 6) to base 3.
-11211
Convert 31 (base 10) to base 6.
51
What is -114 (base 5) in base 14?
-26
Convert 100011 (base 2) to base 11.
32
What is 1a (base 13) in base 9?
25
-222 (base 4) to base 8
-52
What is -4 (base 9) in base 3?
-11
9 (base 11) to base 3
100
Convert 70 (base 8) to base 13.
44
Convert -9 (base 11) to base 6.
-13
-8 (base 9) to base 6
-12
What is 7 (base 12) in base 8?
7
What is -7 (base 13) in base 15?
-7
-3 (base 11) to base 5
-3
What is -6 (base 13) in base 15?
-6
37 (base 11) to base 7
55
Convert -3 (base 11) to base 7.
-3
11 (base 11) to base 10
12
Convert -3 (base 9) to base 13.
-3
Convert 1 (base 5) to base 4.
1
What is b (base 12) in base 10?
11
-4 (base 9) to base 14
-4
Convert 2 (base 8) to base 6.
2
-4 (base 11) to base 6
-4
What is -2 (base 8) in base 16?
-2
What is -1101 (base 4) in base 8?
-121
What is -4 (base 15) in base 9?
-4
Convert 8 (base 14) to base 15.
8
-2 (base 5) to base 6
-2
Convert -5a (base 15) to base 16.
-55
What is 122 (base 6) in base 12?
42
-11 (base 6) to base 15
-7
Convert 1 (base 12) to base 5.
1
-7 (base 11) to base 7
-10
What is -141 (base 5) in base 9?
-51
-16 (base 10) to base 14
-12
Convert -102011 (base 3) to base 16.
-12d
What is 0 (base 5) in base 15?
0
Convert 13 (base 10) to base 14.
d
What is -251 (base 7) in base 3?
-11222
What is 3 (base 10) in base 3?
10
Convert 1 (base 14) to base 9.
1
Convert 0 (base 6) to base 13.
0
Convert -173 (base 8) to base 11.
-102
12 (base 10) to base 16
c
0 (base 9) to base 3
0
-212 (base 3) to base 9
-25
Convert 22 (base 4) to base 6.
14
What is -11 (base 3) in base 11?
-4
What is -2 (base 9) in base 2?
-10
What is 2202 (base 3) in base 15?
4e
2 (base 9) to base 10
2
-2420 (base 5) to base 7
-1023
Convert 1 (base 10) to base 6.
1
-b (base 13) to base 4
-23
What is 6 (base 14) in base 7?
6
What is 2 (base 15) in base 4?
2
What is 1022 (base 3) in base 4?
203
What is 16 (base 8) in base 7?
20
Convert 4 (base 12) to base 16.
4
109 (base 10) to base 2
1101101